{"id":7835,"date":"2024-08-20T21:49:01","date_gmt":"2024-08-20T21:49:01","guid":{"rendered":"https:\/\/diocesisdelinares.com\/100\/?page_id=7835"},"modified":"2024-08-21T19:54:54","modified_gmt":"2024-08-21T19:54:54","slug":"parroquia-longavi","status":"publish","type":"page","link":"https:\/\/diocesisdelinares.com\/100\/parroquia-longavi\/","title":{"rendered":"Parroquia San Lorenzo, Longav\u00ed"},"content":{"rendered":"<div data-colibri-id=\"7835-c1\" class=\"style-3453 style-local-7835-c1 position-relative\">\n  <!---->\n  <div data-colibri-component=\"section\" data-colibri-id=\"7835-c2\" id=\"about\" class=\"h-section h-section-global-spacing d-flex align-items-lg-center align-items-md-center align-items-center style-3454 style-local-7835-c2 position-relative\">\n    <!---->\n    <!---->\n    <div class=\"h-section-grid-container h-section-boxed-container\">\n      <!---->\n      <div data-colibri-id=\"7835-c3\" class=\"h-row-container gutters-row-lg-2 gutters-row-md-2 gutters-row-2 gutters-row-v-lg-2 gutters-row-v-md-2 gutters-row-v-2 style-3455 style-local-7835-c3 position-relative\">\n        <!---->\n        <div class=\"h-row justify-content-lg-center justify-content-md-center justify-content-center align-items-lg-stretch align-items-md-stretch align-items-stretch gutters-col-lg-2 gutters-col-md-2 gutters-col-2 gutters-col-v-lg-2 gutters-col-v-md-2 gutters-col-v-2\">\n          <!---->\n          <div class=\"h-column h-column-container d-flex h-col-lg-auto h-col-md-auto h-col-auto style-3456-outer style-local-7835-c4-outer\">\n            <div data-colibri-id=\"7835-c4\" class=\"d-flex h-flex-basis h-column__inner h-px-lg-2 h-px-md-2 h-px-2 v-inner-lg-2 v-inner-md-2 v-inner-2 style-3456 style-local-7835-c4 position-relative\">\n              <!---->\n              <!---->\n              <div class=\"w-100 h-y-container h-column__content h-column__v-align flex-basis-100 align-self-lg-center align-self-md-center align-self-center\">\n                <!---->\n                <div data-colibri-id=\"7835-c5\" class=\"h-global-transition-all h-heading style-3457 style-local-7835-c5 position-relative h-element\">\n                  <!---->\n                  <div class=\"h-heading__outer style-3457 style-local-7835-c5\">\n                    <!---->\n                    <!---->\n                    <a href=\"https:\/\/app.lapentor.com\/sphere\/parroquia-maria-auxiliadora-salesianos-linares\" target=\"_blank\" h-use-smooth-scroll=\"true\" rel=\"noopener\">\n                      <h5 class=\"\">Parroquia San lorenzo m\u00e1rtir, longav\u00ed<\/h5>\n                    <\/a>\n                  <\/div>\n                <\/div>\n                <div data-colibri-id=\"7835-c6\" class=\"h-global-transition-all h-heading style-3458 style-local-7835-c6 position-relative h-element\">\n                  <!---->\n                  <div class=\"h-heading__outer style-3458 style-local-7835-c6\">\n                    <!---->\n                    <!---->\n                    <h2 class=\"\">Cada \u00edcono lleva a la&nbsp;<em style=\"color: rgb(247, 144, 7); font-family: &quot;Playfair Display&quot;;\">historia<\/em> y los&nbsp;&nbsp;<em style=\"color: rgb(247, 144, 7); font-family: &quot;Playfair Display&quot;;\">detalles<\/em>                      de la im\u00e1gen o espacio seleccionado<\/h2>\n                  <\/div>\n                <\/div>\n                <div data-colibri-id=\"7835-c7\" class=\"h-text h-text-component style-3459 style-local-7835-c7 position-relative h-element\">\n                  <!---->\n                  <!---->\n                  <div class=\"\">\n                    <p><span style=\"font-weight: 400; color: rgb(3, 3, 3);\">Historia Anterior:<\/span><\/p>\n                    <p>Con la llegada de los Jesu\u00edtas en 1631 a la parte sur de la Doctrina de Putag\u00e1n, Longav\u00ed fue un proyecto misionero integral de las m\u00e1s grandes proporciones, que creci\u00f3 en forma sorprendente durante el siglo XVII, muy superior a lo\n                      que llegaron a ser en su momento las primeras encomiendas Putag\u00e1n, Lonco milla, Purapel, Catentoa y Cauquenes, gestionadas por laicos. La Estancia de Longav\u00ed era mucho m\u00e1s que una empresa econ\u00f3mica organizada. Respondi\u00f3 a la concepci\u00f3n\n                      evangelizadora integral que ten\u00edan los jesu\u00edtas.<\/p>\n                    <p><span style=\"color: rgb(3, 3, 3); font-family: Muli; font-size: 16px; font-weight: 400;\">La Parroquia:<\/span><\/p>\n                    <p><span style=\"font-weight: 400; color: rgb(3, 3, 3);\"> <\/span><\/p>\n                    <p>Fue fundada el 22 de Mayo de 1905, por Mons. Pl\u00e1cido Labarca, Obispo de Concepci\u00f3n.<\/p>\n                    <p>La Capilla de San Lorenzo de Longav\u00ed ya exist\u00eda a\u00f1os antes como vice Parroquia dependiente de la Parroquia de San Ambrosio de Linares con un vice P\u00e1rroco residente. Desde el 19 de junio de 1904 desempe\u00f1a este cargo el emprendedor presb\u00edtero\n                      Don Rogelio Antonio P\u00e9rez, nacido en Yerbas Buenas. Este transform\u00f3 la capilla en templo parroquial, construy\u00f3 junto a ella una casa parroquial y un propio cementerio que se abri\u00f3 en septiembre de 1904.<\/p>\n                    <p>En marzo de 1960 el Obispo Augusto Salinas encomienda la Parroquia a los Capuchinos de la antigua Provincia Capuchina del Norte de origen navarro que contaban con su Noviciado en Constituci\u00f3n.<\/p>\n                    <p>La labor del P. Evaristo de Murchante: En 1983 asume como P\u00e1rroco el P. Evaristo quien estar\u00eda al frente de la Parroquia apoyado por el P. Apolinar Quilleco. En Espa\u00f1a gestion\u00f3 la venida de las Hermanas de Nuestra Se\u00f1ora de la Consolaci\u00f3n,\n                      congregaci\u00f3n en la que \u00e9l ten\u00eda una hermana. Pero por falta de condiciones f\u00edsicas para recibirlas en Longav\u00ed, el obispo Carlos Camus instal\u00f3 las religiosas en Linares. Pero ellas trabajaron en las capillas del campo y cosecharon\n                      vocaciones en Longav\u00ed. El P. Evaristo fue fundador del Primer Cuerpo de Bomberos en Longav\u00ed, creado el 6 de octubre de 1962, el cual lleva su nombre como homenaje.<\/p>\n                    <p>Hermanas de Cristo: Fue un hito en la historia Parroquia, la llegada en mayo de 1987 de una congregaci\u00f3n fundada recientemente en Par\u00eds (1976) bajo el nombre \u201cUni\u00f3n Mysterium Christi\u201d. Fiel a su carisma se instalaron en un sector de\n                      mala fama y lo transformaron con su presencia. All\u00e1 surgi\u00f3 el primer club de alcoh\u00f3licos an\u00f3nimos y un centro de atenci\u00f3n diurna, a fin de evitar la vagancia y mendicidad de tantos ni\u00f1os abandonados por el trabajo de temporeros de\n                      sus madres. Por la generosidad de la fundaci\u00f3n San Jos\u00e9 de la Dehesa este servicio de caridad cuenta con una nueva casa.<\/p>\n                    <p>\n                      <br>\n                    <\/p>\n                    <p>\n                      <br>\n                    <\/p>\n                  <\/div>\n                <\/div>\n                <div data-colibri-component=\"video\" data-colibri-id=\"7835-c8\" class=\"d-block h-video d-block h-video style-3468 style-local-7835-c8 position-relative h-element\">\n                  <!---->\n                  <!---->\n                  <div class=\"video-container position-relative\">\n                    <div class=\"h-global-transition-all ratio-inner\"><iframe src=https:\/\/www.youtube.com\/embed\/TiutwQWRYQE?autoplay=0&amp;mute=0&amp;modestbranding=0&amp;rel=0&amp;enablejsapi=1&amp; class='h-video-main'  allowfullscreen><\/iframe><\/div>\n                  <\/div>\n                <\/div>\n              <\/div>\n            <\/div>\n          <\/div>\n          <div class=\"h-column h-column-container d-flex h-col-lg-auto h-col-md-auto h-col-auto style-3463-outer style-local-7835-c10-outer\">\n            <div data-colibri-id=\"7835-c10\" class=\"d-flex h-flex-basis h-column__inner h-px-lg-2 h-px-md-2 h-px-2 v-inner-lg-2 v-inner-md-2 v-inner-2 style-3463 style-local-7835-c10 position-relative\">\n              <!---->\n              <!---->\n              <div class=\"w-100 h-y-container h-column__content h-column__v-align flex-basis-100 align-self-lg-center align-self-md-center align-self-center\">\n                <!---->\n                <div data-colibri-id=\"7835-c11\" class=\"style-3464 style-local-7835-c11 position-relative h-element\">\n                  <!---->\n                  <div class=\"\"><iframe loading=\"lazy\" src=\"https:\/\/app.lapentor.com\/sphere\/parroquia-san-lorenzo-martir-longavi\" frameborder=\"0\" width=\"100%\" height=\"400px\" scrolling=\"no\" allow=\"vr,gyroscope,accelerometer\" allowfullscreen=\"true\" webkitallowfullscreen=\"true\" mozallowfullscreen=\"true\" oallowfullscreen=\"true\" msallowfullscreen=\"true\"><\/iframe><\/div>\n                <\/div>\n                <div data-colibri-id=\"7835-c12\" class=\"h-x-container style-3461 style-local-7835-c12 position-relative h-element\">\n                  <!---->\n                  <div class=\"h-x-container-inner style-dynamic-7835-c12-group style-3461-spacing style-local-7835-c12-spacing\"><span class=\"h-button__outer style-3462-outer style-local-7835-c13-outer d-inline-flex h-element\"><a h-use-smooth-scroll=\"true\" href=\"https:\/\/app.lapentor.com\/sphere\/parroquia-san-lorenzo-martir-longavi\" target=\"_blank\" data-colibri-id=\"7835-c13\" class=\"d-flex w-100 align-items-center h-button justify-content-lg-center justify-content-md-center justify-content-center style-3462 style-local-7835-c13 position-relative\" rel=\"noopener\"><!----><!----> <span>Iniciar Recorrido Virtual pntalla completa<\/span><\/a>\n                    <\/span>\n                  <\/div>\n                <\/div>\n              <\/div>\n            <\/div>\n          <\/div>\n        <\/div>\n      <\/div>\n      <div data-colibri-id=\"7835-c14\" class=\"h-row-container gutters-row-lg-2 gutters-row-md-2 gutters-row-0 gutters-row-v-lg-2 gutters-row-v-md-2 gutters-row-v-2 style-3465 style-local-7835-c14 position-relative\">\n        <!---->\n        <div class=\"h-row justify-content-lg-center justify-content-md-center justify-content-center align-items-lg-stretch align-items-md-stretch align-items-stretch gutters-col-lg-2 gutters-col-md-2 gutters-col-0 gutters-col-v-lg-2 gutters-col-v-md-2 gutters-col-v-2\">\n          <!---->\n          <div class=\"h-column h-column-container d-flex h-col-lg-auto h-col-md-auto h-col-auto style-3466-outer style-local-7835-c15-outer\">\n            <div data-colibri-id=\"7835-c15\" class=\"d-flex h-flex-basis h-column__inner h-px-lg-2 h-px-md-2 h-px-2 v-inner-lg-2 v-inner-md-2 v-inner-2 style-3466 style-local-7835-c15 position-relative\">\n              <!---->\n              <!---->\n              <div class=\"w-100 h-y-container h-column__content h-column__v-align flex-basis-100 align-self-lg-start align-self-md-start align-self-start\">\n                <!---->\n                <div data-colibri-id=\"7835-c16\" class=\"h-text h-text-component style-3467 style-local-7835-c16 position-relative h-element\">\n                  <!---->\n                  <!---->\n                  <div class=\"\">\n                    <p>Actualmente la parroquia es atendida por la Congregaci\u00f3n de los Misioneros de la Sagrada Familia. La Congregaci\u00f3n fue fundada un 28 de septiembre de 1895 en Holanda por el Venerable Padre Juan Berthier, con su carisma esta comunidad\n                      est\u00e1 presente en m\u00e1s de 20 pa\u00edses a nivel mundial, llegando a Chile el a\u00f1o 1938. <\/p>\n                    <p>\n                      <br>\n                    <\/p>\n                  <\/div>\n                <\/div>\n                <div data-colibri-id=\"7835-c18\" class=\"h-global-transition-all h-heading style-3471 style-local-7835-c18 position-relative h-element\">\n                  <!---->\n                  <div class=\"h-heading__outer style-3471 style-local-7835-c18\">\n                    <!---->\n                    <!---->\n                    <h4 class=\"\">Listado de P\u00e1rrocos<\/h4>\n                  <\/div>\n                <\/div>\n                <div data-colibri-id=\"7835-c17\" class=\"style-3470 style-local-7835-c17 position-relative h-element\">\n                  <!---->\n                  <div class=\"\"><iframe src='https:\/\/cdn.knightlab.com\/libs\/timeline3\/latest\/embed\/index.html?source=1is3zoUXLlVuEfL3dVHm-FTGIpqpPVZTzOjtm9FYEJbQ&font=Default&lang=en&initial_zoom=2&height=650' width='100%' height='650' webkitallowfullscreen mozallowfullscreen allowfullscreen frameborder='0'><\/iframe><\/div>\n                <\/div>\n                <div data-colibri-id=\"7835-c19\" class=\"h-x-container style-3472 style-local-7835-c19 position-relative h-element\">\n                  <!---->\n                  <div class=\"h-x-container-inner style-dynamic-7835-c19-group style-3472-spacing style-local-7835-c19-spacing\"><span class=\"h-button__outer style-3473-outer style-local-7835-c20-outer d-inline-flex h-element\"><a h-use-smooth-scroll=\"true\" href=\"https:\/\/cdn.knightlab.com\/libs\/timeline3\/latest\/embed\/index.html?source=1is3zoUXLlVuEfL3dVHm-FTGIpqpPVZTzOjtm9FYEJbQ&amp;font=Default&amp;lang=en&amp;initial_zoom=2&amp;height=650\" target=\"_blank\" data-colibri-id=\"7835-c20\" class=\"d-flex w-100 align-items-center h-button justify-content-lg-center justify-content-md-center justify-content-center style-3473 style-local-7835-c20 position-relative\" rel=\"noopener\"><!----><!----> <span>Ver Pantalla COmpleta<\/span><\/a>\n                    <\/span>\n                  <\/div>\n                <\/div>\n              <\/div>\n            <\/div>\n          <\/div>\n        <\/div>\n      <\/div>\n    <\/div>\n  <\/div>\n<\/div>","protected":false},"excerpt":{"rendered":"<p>Parroquia San lorenzo m\u00e1rtir, longav\u00ed Cada \u00edcono lleva a la&nbsp;historia y los&nbsp;&nbsp;detalles de la im\u00e1gen o espacio seleccionado Historia Anterior: Con la llegada de los Jesu\u00edtas en 1631 a la parte sur de la Doctrina de Putag\u00e1n, Longav\u00ed fue un proyecto misionero integral de las m\u00e1s grandes proporciones, que creci\u00f3 en forma sorprendente durante el [&hellip;]<\/p>\n","protected":false},"author":1,"featured_media":0,"parent":0,"menu_order":0,"comment_status":"closed","ping_status":"closed","template":"page-templates\/full-width-page.php","meta":{"footnotes":""},"class_list":["post-7835","page","type-page","status-publish","hentry"],"_links":{"self":[{"href":"https:\/\/diocesisdelinares.com\/100\/wp-json\/wp\/v2\/pages\/7835","targetHints":{"allow":["GET"]}}],"collection":[{"href":"https:\/\/diocesisdelinares.com\/100\/wp-json\/wp\/v2\/pages"}],"about":[{"href":"https:\/\/diocesisdelinares.com\/100\/wp-json\/wp\/v2\/types\/page"}],"author":[{"embeddable":true,"href":"https:\/\/diocesisdelinares.com\/100\/wp-json\/wp\/v2\/users\/1"}],"replies":[{"embeddable":true,"href":"https:\/\/diocesisdelinares.com\/100\/wp-json\/wp\/v2\/comments?post=7835"}],"version-history":[{"count":6,"href":"https:\/\/diocesisdelinares.com\/100\/wp-json\/wp\/v2\/pages\/7835\/revisions"}],"predecessor-version":[{"id":7884,"href":"https:\/\/diocesisdelinares.com\/100\/wp-json\/wp\/v2\/pages\/7835\/revisions\/7884"}],"wp:attachment":[{"href":"https:\/\/diocesisdelinares.com\/100\/wp-json\/wp\/v2\/media?parent=7835"}],"curies":[{"name":"wp","href":"https:\/\/api.w.org\/{rel}","templated":true}]}}

Parroquia San Lorenzo, Longaví

<div data-colibri-id="7835-c1" class="style-3453 style-local-7835-c1 position-relative">
  <!---->
  <div data-colibri-component="section" data-colibri-id="7835-c2" id="about" class="h-section h-section-global-spacing d-flex align-items-lg-center align-items-md-center align-items-center style-3454 style-local-7835-c2 position-relative">
    <!---->
    <!---->
    <div class="h-section-grid-container h-section-boxed-container">
      <!---->
      <div data-colibri-id="7835-c3" class="h-row-container gutters-row-lg-2 gutters-row-md-2 gutters-row-2 gutters-row-v-lg-2 gutters-row-v-md-2 gutters-row-v-2 style-3455 style-local-7835-c3 position-relative">
        <!---->
        <div class="h-row justify-content-lg-center justify-content-md-center justify-content-center align-items-lg-stretch align-items-md-stretch align-items-stretch gutters-col-lg-2 gutters-col-md-2 gutters-col-2 gutters-col-v-lg-2 gutters-col-v-md-2 gutters-col-v-2">
          <!---->
          <div class="h-column h-column-container d-flex h-col-lg-auto h-col-md-auto h-col-auto style-3456-outer style-local-7835-c4-outer">
            <div data-colibri-id="7835-c4" class="d-flex h-flex-basis h-column__inner h-px-lg-2 h-px-md-2 h-px-2 v-inner-lg-2 v-inner-md-2 v-inner-2 style-3456 style-local-7835-c4 position-relative">
              <!---->
              <!---->
              <div class="w-100 h-y-container h-column__content h-column__v-align flex-basis-100 align-self-lg-center align-self-md-center align-self-center">
                <!---->
                <div data-colibri-id="7835-c5" class="h-global-transition-all h-heading style-3457 style-local-7835-c5 position-relative h-element">
                  <!---->
                  <div class="h-heading__outer style-3457 style-local-7835-c5">
                    <!---->
                    <!---->
                    <a href="https://app.lapentor.com/sphere/parroquia-maria-auxiliadora-salesianos-linares" target="_blank" h-use-smooth-scroll="true" rel="noopener">
                      <h5 class="">Parroquia San lorenzo mártir, longaví</h5>
                    </a>
                  </div>
                </div>
                <div data-colibri-id="7835-c6" class="h-global-transition-all h-heading style-3458 style-local-7835-c6 position-relative h-element">
                  <!---->
                  <div class="h-heading__outer style-3458 style-local-7835-c6">
                    <!---->
                    <!---->
                    <h2 class="">Cada ícono lleva a la&nbsp;<em style="color: rgb(247, 144, 7); font-family: &quot;Playfair Display&quot;;">historia</em> y los&nbsp;&nbsp;<em style="color: rgb(247, 144, 7); font-family: &quot;Playfair Display&quot;;">detalles</em>                      de la imágen o espacio seleccionado</h2>
                  </div>
                </div>
                <div data-colibri-id="7835-c7" class="h-text h-text-component style-3459 style-local-7835-c7 position-relative h-element">
                  <!---->
                  <!---->
                  <div class="">
                    <p><span style="font-weight: 400; color: rgb(3, 3, 3);">Historia Anterior:</span></p>
                    <p>Con la llegada de los Jesuítas en 1631 a la parte sur de la Doctrina de Putagán, Longaví fue un proyecto misionero integral de las más grandes proporciones, que creció en forma sorprendente durante el siglo XVII, muy superior a lo
                      que llegaron a ser en su momento las primeras encomiendas Putagán, Lonco milla, Purapel, Catentoa y Cauquenes, gestionadas por laicos. La Estancia de Longaví era mucho más que una empresa económica organizada. Respondió a la concepción
                      evangelizadora integral que tenían los jesuítas.</p>
                    <p><span style="color: rgb(3, 3, 3); font-family: Muli; font-size: 16px; font-weight: 400;">La Parroquia:</span></p>
                    <p><span style="font-weight: 400; color: rgb(3, 3, 3);"> </span></p>
                    <p>Fue fundada el 22 de Mayo de 1905, por Mons. Plácido Labarca, Obispo de Concepción.</p>
                    <p>La Capilla de San Lorenzo de Longaví ya existía años antes como vice Parroquia dependiente de la Parroquia de San Ambrosio de Linares con un vice Párroco residente. Desde el 19 de junio de 1904 desempeña este cargo el emprendedor presbítero
                      Don Rogelio Antonio Pérez, nacido en Yerbas Buenas. Este transformó la capilla en templo parroquial, construyó junto a ella una casa parroquial y un propio cementerio que se abrió en septiembre de 1904.</p>
                    <p>En marzo de 1960 el Obispo Augusto Salinas encomienda la Parroquia a los Capuchinos de la antigua Provincia Capuchina del Norte de origen navarro que contaban con su Noviciado en Constitución.</p>
                    <p>La labor del P. Evaristo de Murchante: En 1983 asume como Párroco el P. Evaristo quien estaría al frente de la Parroquia apoyado por el P. Apolinar Quilleco. En España gestionó la venida de las Hermanas de Nuestra Señora de la Consolación,
                      congregación en la que él tenía una hermana. Pero por falta de condiciones físicas para recibirlas en Longaví, el obispo Carlos Camus instaló las religiosas en Linares. Pero ellas trabajaron en las capillas del campo y cosecharon
                      vocaciones en Longaví. El P. Evaristo fue fundador del Primer Cuerpo de Bomberos en Longaví, creado el 6 de octubre de 1962, el cual lleva su nombre como homenaje.</p>
                    <p>Hermanas de Cristo: Fue un hito en la historia Parroquia, la llegada en mayo de 1987 de una congregación fundada recientemente en París (1976) bajo el nombre “Unión Mysterium Christi”. Fiel a su carisma se instalaron en un sector de
                      mala fama y lo transformaron con su presencia. Allá surgió el primer club de alcohólicos anónimos y un centro de atención diurna, a fin de evitar la vagancia y mendicidad de tantos niños abandonados por el trabajo de temporeros de
                      sus madres. Por la generosidad de la fundación San José de la Dehesa este servicio de caridad cuenta con una nueva casa.</p>
                    <p>
                      <br>
                    </p>
                    <p>
                      <br>
                    </p>
                  </div>
                </div>
                <div data-colibri-component="video" data-colibri-id="7835-c8" class="d-block h-video d-block h-video style-3468 style-local-7835-c8 position-relative h-element">
                  <!---->
                  <!---->
                  <div class="video-container position-relative">
                    <div class="h-global-transition-all ratio-inner"><iframe src=https://www.youtube.com/embed/TiutwQWRYQE?autoplay=0&amp;mute=0&amp;modestbranding=0&amp;rel=0&amp;enablejsapi=1&amp; class='h-video-main'  allowfullscreen></iframe></div>
                  </div>
                </div>
              </div>
            </div>
          </div>
          <div class="h-column h-column-container d-flex h-col-lg-auto h-col-md-auto h-col-auto style-3463-outer style-local-7835-c10-outer">
            <div data-colibri-id="7835-c10" class="d-flex h-flex-basis h-column__inner h-px-lg-2 h-px-md-2 h-px-2 v-inner-lg-2 v-inner-md-2 v-inner-2 style-3463 style-local-7835-c10 position-relative">
              <!---->
              <!---->
              <div class="w-100 h-y-container h-column__content h-column__v-align flex-basis-100 align-self-lg-center align-self-md-center align-self-center">
                <!---->
                <div data-colibri-id="7835-c11" class="style-3464 style-local-7835-c11 position-relative h-element">
                  <!---->
                  <div class=""><iframe loading="lazy" src="https://app.lapentor.com/sphere/parroquia-san-lorenzo-martir-longavi" frameborder="0" width="100%" height="400px" scrolling="no" allow="vr,gyroscope,accelerometer" allowfullscreen="true" webkitallowfullscreen="true" mozallowfullscreen="true" oallowfullscreen="true" msallowfullscreen="true"></iframe></div>
                </div>
                <div data-colibri-id="7835-c12" class="h-x-container style-3461 style-local-7835-c12 position-relative h-element">
                  <!---->
                  <div class="h-x-container-inner style-dynamic-7835-c12-group style-3461-spacing style-local-7835-c12-spacing"><span class="h-button__outer style-3462-outer style-local-7835-c13-outer d-inline-flex h-element"><a h-use-smooth-scroll="true" href="https://app.lapentor.com/sphere/parroquia-san-lorenzo-martir-longavi" target="_blank" data-colibri-id="7835-c13" class="d-flex w-100 align-items-center h-button justify-content-lg-center justify-content-md-center justify-content-center style-3462 style-local-7835-c13 position-relative" rel="noopener"><!----><!----> <span>Iniciar Recorrido Virtual pntalla completa</span></a>
                    </span>
                  </div>
                </div>
              </div>
            </div>
          </div>
        </div>
      </div>
      <div data-colibri-id="7835-c14" class="h-row-container gutters-row-lg-2 gutters-row-md-2 gutters-row-0 gutters-row-v-lg-2 gutters-row-v-md-2 gutters-row-v-2 style-3465 style-local-7835-c14 position-relative">
        <!---->
        <div class="h-row justify-content-lg-center justify-content-md-center justify-content-center align-items-lg-stretch align-items-md-stretch align-items-stretch gutters-col-lg-2 gutters-col-md-2 gutters-col-0 gutters-col-v-lg-2 gutters-col-v-md-2 gutters-col-v-2">
          <!---->
          <div class="h-column h-column-container d-flex h-col-lg-auto h-col-md-auto h-col-auto style-3466-outer style-local-7835-c15-outer">
            <div data-colibri-id="7835-c15" class="d-flex h-flex-basis h-column__inner h-px-lg-2 h-px-md-2 h-px-2 v-inner-lg-2 v-inner-md-2 v-inner-2 style-3466 style-local-7835-c15 position-relative">
              <!---->
              <!---->
              <div class="w-100 h-y-container h-column__content h-column__v-align flex-basis-100 align-self-lg-start align-self-md-start align-self-start">
                <!---->
                <div data-colibri-id="7835-c16" class="h-text h-text-component style-3467 style-local-7835-c16 position-relative h-element">
                  <!---->
                  <!---->
                  <div class="">
                    <p>Actualmente la parroquia es atendida por la Congregación de los Misioneros de la Sagrada Familia. La Congregación fue fundada un 28 de septiembre de 1895 en Holanda por el Venerable Padre Juan Berthier, con su carisma esta comunidad
                      está presente en más de 20 países a nivel mundial, llegando a Chile el año 1938. </p>
                    <p>
                      <br>
                    </p>
                  </div>
                </div>
                <div data-colibri-id="7835-c18" class="h-global-transition-all h-heading style-3471 style-local-7835-c18 position-relative h-element">
                  <!---->
                  <div class="h-heading__outer style-3471 style-local-7835-c18">
                    <!---->
                    <!---->
                    <h4 class="">Listado de Párrocos</h4>
                  </div>
                </div>
                <div data-colibri-id="7835-c17" class="style-3470 style-local-7835-c17 position-relative h-element">
                  <!---->
                  <div class=""><iframe src='https://cdn.knightlab.com/libs/timeline3/latest/embed/index.html?source=1is3zoUXLlVuEfL3dVHm-FTGIpqpPVZTzOjtm9FYEJbQ&font=Default&lang=en&initial_zoom=2&height=650' width='100%' height='650' webkitallowfullscreen mozallowfullscreen allowfullscreen frameborder='0'></iframe></div>
                </div>
                <div data-colibri-id="7835-c19" class="h-x-container style-3472 style-local-7835-c19 position-relative h-element">
                  <!---->
                  <div class="h-x-container-inner style-dynamic-7835-c19-group style-3472-spacing style-local-7835-c19-spacing"><span class="h-button__outer style-3473-outer style-local-7835-c20-outer d-inline-flex h-element"><a h-use-smooth-scroll="true" href="https://cdn.knightlab.com/libs/timeline3/latest/embed/index.html?source=1is3zoUXLlVuEfL3dVHm-FTGIpqpPVZTzOjtm9FYEJbQ&amp;font=Default&amp;lang=en&amp;initial_zoom=2&amp;height=650" target="_blank" data-colibri-id="7835-c20" class="d-flex w-100 align-items-center h-button justify-content-lg-center justify-content-md-center justify-content-center style-3473 style-local-7835-c20 position-relative" rel="noopener"><!----><!----> <span>Ver Pantalla COmpleta</span></a>
                    </span>
                  </div>
                </div>
              </div>
            </div>
          </div>
        </div>
      </div>
    </div>
  </div>
</div>

<p>Parroquia San lorenzo mártir, longaví Cada ícono lleva a la&nbsp;historia y los&nbsp;&nbsp;detalles de la imágen o espacio seleccionado Historia Anterior: Con la llegada de los Jesuítas en 1631 a la parte sur de la Doctrina de Putagán, Longaví fue un proyecto misionero integral de las más grandes proporciones, que creció en forma sorprendente durante el [&hellip;]</p>
