{"id":7525,"date":"2024-05-25T21:40:31","date_gmt":"2024-05-25T21:40:31","guid":{"rendered":"https:\/\/diocesisdelinares.com\/100\/?page_id=7525"},"modified":"2024-05-25T22:29:06","modified_gmt":"2024-05-25T22:29:06","slug":"constitucion","status":"publish","type":"page","link":"https:\/\/diocesisdelinares.com\/100\/constitucion\/","title":{"rendered":"Parroquia San Jos\u00e9, Constituci\u00f3n"},"content":{"rendered":"<div data-colibri-id=\"7525-c1\" class=\"style-3189 style-local-7525-c1 position-relative\">\n  <!---->\n  <div data-colibri-component=\"section\" data-colibri-id=\"7525-c2\" id=\"about\" class=\"h-section h-section-global-spacing d-flex align-items-lg-center align-items-md-center align-items-center style-3190 style-local-7525-c2 position-relative\">\n    <!---->\n    <!---->\n    <div class=\"h-section-grid-container h-section-boxed-container\">\n      <!---->\n      <div data-colibri-id=\"7525-c3\" class=\"h-row-container gutters-row-lg-2 gutters-row-md-2 gutters-row-2 gutters-row-v-lg-2 gutters-row-v-md-2 gutters-row-v-2 style-3191 style-local-7525-c3 position-relative\">\n        <!---->\n        <div class=\"h-row justify-content-lg-center justify-content-md-center justify-content-center align-items-lg-stretch align-items-md-stretch align-items-stretch gutters-col-lg-2 gutters-col-md-2 gutters-col-2 gutters-col-v-lg-2 gutters-col-v-md-2 gutters-col-v-2\">\n          <!---->\n          <div class=\"h-column h-column-container d-flex h-col-lg-auto h-col-md-auto h-col-auto style-3192-outer style-local-7525-c4-outer\">\n            <div data-colibri-id=\"7525-c4\" class=\"d-flex h-flex-basis h-column__inner h-px-lg-2 h-px-md-2 h-px-2 v-inner-lg-2 v-inner-md-2 v-inner-2 style-3192 style-local-7525-c4 position-relative\">\n              <!---->\n              <!---->\n              <div class=\"w-100 h-y-container h-column__content h-column__v-align flex-basis-100 align-self-lg-center align-self-md-center align-self-center\">\n                <!---->\n                <div data-colibri-id=\"7525-c5\" class=\"h-global-transition-all h-heading style-3193 style-local-7525-c5 position-relative h-element\">\n                  <!---->\n                  <div class=\"h-heading__outer style-3193 style-local-7525-c5\">\n                    <!---->\n                    <!---->\n                    <a href=\"https:\/\/app.lapentor.com\/sphere\/parroquia-maria-auxiliadora-salesianos-linares\" target=\"_blank\" h-use-smooth-scroll=\"true\" rel=\"noopener\">\n                      <h5 class=\"\">Parroquia san Jos\u00e9, constituci\u00f3n<\/h5>\n                    <\/a>\n                  <\/div>\n                <\/div>\n                <div data-colibri-id=\"7525-c6\" class=\"h-global-transition-all h-heading style-3194 style-local-7525-c6 position-relative h-element\">\n                  <!---->\n                  <div class=\"h-heading__outer style-3194 style-local-7525-c6\">\n                    <!---->\n                    <!---->\n                    <h2 class=\"\">Cada \u00edcono lleva a la&nbsp;<em style=\"color: rgb(247, 144, 7); font-family: &quot;Playfair Display&quot;;\">historia<\/em> y los&nbsp;&nbsp;<em style=\"color: rgb(247, 144, 7); font-family: &quot;Playfair Display&quot;;\">detalles<\/em>                      de la im\u00e1gen o espacio seleccionado<\/h2>\n                  <\/div>\n                <\/div>\n                <div data-colibri-id=\"7525-c7\" class=\"h-text h-text-component style-3195 style-local-7525-c7 position-relative h-element\">\n                  <!---->\n                  <!---->\n                  <div class=\"\">\n                    <p>La Parroquia San Jos\u00e9 de Constituci\u00f3n fue fundada el 07 de febrero de 1833<\/p>\n                    <p>\n                      <br>\n                    <\/p>\n                  <\/div>\n                <\/div>\n                <div data-colibri-id=\"7525-c8\" class=\"style-3208 style-local-7525-c8 position-relative h-element\">\n                  <!---->\n                  <div class=\"\"><iframe style=\"border-radius:12px\" src=\"https:\/\/open.spotify.com\/embed\/episode\/3kzEOULZ0xKPEwP7imFJeD?utm_source=generator\" width=\"100%\" height=\"352\" frameBorder=\"0\" allowfullscreen=\"\" allow=\"autoplay; clipboard-write; encrypted-media; fullscreen; picture-in-picture\" loading=\"lazy\"><\/iframe><\/div>\n                <\/div>\n                <div data-colibri-id=\"7525-c9\" class=\"style-3208 style-local-7525-c9 position-relative h-element\">\n                  <!---->\n                  <div class=\"\"><iframe style=\"border-radius:12px\" src=\"https:\/\/open.spotify.com\/embed\/episode\/2WUSYkG39XUqKk2zV1DcAW?utm_source=generator\" width=\"100%\" height=\"352\" frameBorder=\"0\" allowfullscreen=\"\" allow=\"autoplay; clipboard-write; encrypted-media; fullscreen; picture-in-picture\" loading=\"lazy\"><\/iframe><\/div>\n                <\/div>\n                <div data-colibri-id=\"7525-c10\" class=\"h-text h-text-component style-3209 style-local-7525-c10 position-relative h-element\">\n                  <!---->\n                  <!---->\n                  <div class=\"\">\n                    <p>Un tr\u00e1gico incendio el a\u00f1o 2023 ha dejado su sagrado recinto en necesidad de restauraci\u00f3n.&nbsp;<\/p>\n                  <\/div>\n                <\/div>\n                <div data-colibri-id=\"7525-c11\" class=\"h-x-container style-3206 style-local-7525-c11 position-relative h-element\">\n                  <!---->\n                  <div class=\"h-x-container-inner style-dynamic-7525-c11-group style-3206-spacing style-local-7525-c11-spacing\"><span class=\"h-button__outer style-3207-outer style-local-7525-c12-outer d-inline-flex h-element\"><a h-use-smooth-scroll=\"true\" href=\"https:\/\/obispadodelinares.cl\/ol\/?page_id=17871\" target=\"_blank\" data-colibri-id=\"7525-c12\" class=\"d-flex w-100 align-items-center h-button justify-content-lg-center justify-content-md-center justify-content-center style-3207 style-local-7525-c12 position-relative\" rel=\"noopener\"><!----><!----> <span>Dona aqu\u00ed<\/span><\/a>\n                    <\/span>\n                  <\/div>\n                <\/div>\n                <div data-colibri-id=\"7525-c13\" class=\"h-x-container style-3196 style-local-7525-c13 position-relative h-element\">\n                  <!---->\n                  <div class=\"h-x-container-inner style-dynamic-7525-c13-group style-3196-spacing style-local-7525-c13-spacing\"><span class=\"h-button__outer style-3197-outer style-local-7525-c14-outer d-inline-flex h-element\"><a h-use-smooth-scroll=\"true\" href=\"https:\/\/app.lapentor.com\/sphere\/san-jose-constitucion\" target=\"_blank\" data-colibri-id=\"7525-c14\" class=\"d-flex w-100 align-items-center h-button justify-content-lg-center justify-content-md-center justify-content-center style-3197 style-local-7525-c14 position-relative\" rel=\"noopener\"><!----><!----> <span>Iniciar Recorrido Virtual pantalla completa<\/span><\/a>\n                    <\/span>\n                  <\/div>\n                <\/div>\n              <\/div>\n            <\/div>\n          <\/div>\n          <div class=\"h-column h-column-container d-flex h-col-lg-auto h-col-md-auto h-col-auto style-3198-outer style-local-7525-c15-outer\">\n            <div data-colibri-id=\"7525-c15\" class=\"d-flex h-flex-basis h-column__inner h-px-lg-2 h-px-md-2 h-px-2 v-inner-lg-2 v-inner-md-2 v-inner-2 style-3198 style-local-7525-c15 position-relative\">\n              <!---->\n              <!---->\n              <div class=\"w-100 h-y-container h-column__content h-column__v-align flex-basis-100 align-self-lg-center align-self-md-center align-self-center\">\n                <!---->\n                <div data-colibri-id=\"7525-c16\" class=\"style-3199 style-local-7525-c16 position-relative h-element\">\n                  <!---->\n                  <div class=\"\"><iframe loading=\"lazy\" src=\"https:\/\/app.lapentor.com\/sphere\/san-jose-constitucion\" frameborder=\"0\" width=\"100%\" height=\"400px\" scrolling=\"no\" allow=\"vr,gyroscope,accelerometer\" allowfullscreen=\"true\" webkitallowfullscreen=\"true\" mozallowfullscreen=\"true\" oallowfullscreen=\"true\" msallowfullscreen=\"true\"><\/iframe><\/div>\n                <\/div>\n              <\/div>\n            <\/div>\n          <\/div>\n        <\/div>\n      <\/div>\n    <\/div>\n  <\/div>\n  <div data-colibri-component=\"section\" data-colibri-id=\"7525-c17\" id=\"custom\" class=\"h-section h-section-global-spacing d-flex align-items-lg-center align-items-md-center align-items-center style-3200 style-local-7525-c17 position-relative\">\n    <!---->\n    <!---->\n    <div class=\"h-section-grid-container h-section-boxed-container\">\n      <!---->\n      <div data-colibri-id=\"7525-c20\" class=\"h-row-container gutters-row-lg-2 gutters-row-md-2 gutters-row-0 gutters-row-v-lg-2 gutters-row-v-md-2 gutters-row-v-2 style-3251 style-local-7525-c20 position-relative\">\n        <!---->\n        <div class=\"h-row justify-content-lg-center justify-content-md-center justify-content-center align-items-lg-stretch align-items-md-stretch align-items-stretch gutters-col-lg-2 gutters-col-md-2 gutters-col-0 gutters-col-v-lg-2 gutters-col-v-md-2 gutters-col-v-2\">\n          <!---->\n          <div class=\"h-column h-column-container d-flex h-col-lg-auto h-col-md-auto h-col-auto style-3252-outer style-local-7525-c21-outer\">\n            <div data-colibri-id=\"7525-c21\" class=\"d-flex h-flex-basis h-column__inner h-px-lg-2 h-px-md-2 h-px-2 v-inner-lg-2 v-inner-md-2 v-inner-2 style-3252 style-local-7525-c21 position-relative\">\n              <!---->\n              <!---->\n              <div class=\"w-100 h-y-container h-column__content h-column__v-align flex-basis-100 align-self-lg-start align-self-md-start align-self-start\">\n                <!---->\n                <div data-colibri-id=\"7525-c22\" class=\"h-text h-text-component style-3253 style-local-7525-c22 position-relative h-element\">\n                  <!---->\n                  <!---->\n                  <div class=\"\">\n                    <p>La parroquia San Jos\u00e9, ubicada frente a la Plaza de Constituci\u00f3n, en la regi\u00f3n del Maule. Fue erigida en el siglo XIX, comenzando su construcci\u00f3n en 1803, siendo fundada el 07 de febrero de 1833, su estructura es de alba\u00f1iler\u00eda de\n                      ladrillos, adobe, madera, fundaciones de piedra y en estilo neocl\u00e1sico, tiene una planta de tres naves, siendo la nave central m\u00e1s alta que las laterales, destacando enormes columnas toscanas de madera. En 1835, el terremoto y maremoto,\n                      destruy\u00f3 la ciudad y el templo, siendo reconstruido, bendecido y entregado a la comunidad en 1867. En 1916 pasa a depender de la Gobernaci\u00f3n Eclesi\u00e1stica de Chill\u00e1n. Y en 1925, es incorporada a la naciente Di\u00f3cesis de San Ambrosio\n                      de Linares. En febrero de 2010, nuevamente la ciudad y el templo sufrieron graves da\u00f1os con el terremoto y tsunami, del 27\/F. Pero pronto la iglesia fue nuevamente restaurada, conservando su dise\u00f1o original, acogiendo a la comunidad\n                      en sus diversas celebraciones, conservando su estatus de lugar de oraci\u00f3n, reflexi\u00f3n y cultura para los habitantes de la ciudad costera de Constituci\u00f3n. Su actual p\u00e1rroco es el Padre Gonzalo Aravena Valenzuela, sacerdote diocesano.<\/p>\n                  <\/div>\n                <\/div>\n              <\/div>\n            <\/div>\n          <\/div>\n        <\/div>\n      <\/div>\n      <div data-colibri-id=\"7525-c18\" class=\"h-row-container gutters-row-lg-2 gutters-row-md-2 gutters-row-0 gutters-row-v-lg-2 gutters-row-v-md-2 gutters-row-v-2 style-3204 style-local-7525-c18 position-relative\">\n        <!---->\n        <div class=\"h-row justify-content-lg-center justify-content-md-center justify-content-center align-items-lg-stretch align-items-md-stretch align-items-stretch gutters-col-lg-2 gutters-col-md-2 gutters-col-0 gutters-col-v-lg-2 gutters-col-v-md-2 gutters-col-v-2\">\n          <!---->\n          <div class=\"h-column h-column-container d-flex h-col-lg-auto h-col-md-auto h-col-auto style-3205-outer style-local-7525-c19-outer\">\n            <div data-colibri-id=\"7525-c19\" class=\"d-flex h-flex-basis h-column__inner h-ui-empty-state-container h-px-lg-2 h-px-md-2 h-px-2 v-inner-lg-2 v-inner-md-2 v-inner-2 style-3205 style-local-7525-c19 position-relative\">\n              <!---->\n              <!---->\n              <div class=\"w-100 h-y-container h-column__content h-column__v-align flex-basis-100\">\n                <!---->\n              <\/div>\n            <\/div>\n          <\/div>\n        <\/div>\n      <\/div>\n    <\/div>\n  <\/div>\n<\/div>","protected":false},"excerpt":{"rendered":"<p>Parroquia san Jos\u00e9, constituci\u00f3n Cada \u00edcono lleva a la&nbsp;historia y los&nbsp;&nbsp;detalles de la im\u00e1gen o espacio seleccionado La Parroquia San Jos\u00e9 de Constituci\u00f3n fue fundada el 07 de febrero de 1833 Un tr\u00e1gico incendio el a\u00f1o 2023 ha dejado su sagrado recinto en necesidad de restauraci\u00f3n.&nbsp; Dona aqu\u00ed Iniciar Recorrido Virtual pantalla completa La parroquia [&hellip;]<\/p>\n","protected":false},"author":1,"featured_media":0,"parent":0,"menu_order":0,"comment_status":"closed","ping_status":"closed","template":"page-templates\/full-width-page.php","meta":{"footnotes":""},"class_list":["post-7525","page","type-page","status-publish","hentry"],"_links":{"self":[{"href":"https:\/\/diocesisdelinares.com\/100\/wp-json\/wp\/v2\/pages\/7525","targetHints":{"allow":["GET"]}}],"collection":[{"href":"https:\/\/diocesisdelinares.com\/100\/wp-json\/wp\/v2\/pages"}],"about":[{"href":"https:\/\/diocesisdelinares.com\/100\/wp-json\/wp\/v2\/types\/page"}],"author":[{"embeddable":true,"href":"https:\/\/diocesisdelinares.com\/100\/wp-json\/wp\/v2\/users\/1"}],"replies":[{"embeddable":true,"href":"https:\/\/diocesisdelinares.com\/100\/wp-json\/wp\/v2\/comments?post=7525"}],"version-history":[{"count":7,"href":"https:\/\/diocesisdelinares.com\/100\/wp-json\/wp\/v2\/pages\/7525\/revisions"}],"predecessor-version":[{"id":7641,"href":"https:\/\/diocesisdelinares.com\/100\/wp-json\/wp\/v2\/pages\/7525\/revisions\/7641"}],"wp:attachment":[{"href":"https:\/\/diocesisdelinares.com\/100\/wp-json\/wp\/v2\/media?parent=7525"}],"curies":[{"name":"wp","href":"https:\/\/api.w.org\/{rel}","templated":true}]}}

Parroquia San José, Constitución

<div data-colibri-id="7525-c1" class="style-3189 style-local-7525-c1 position-relative">
  <!---->
  <div data-colibri-component="section" data-colibri-id="7525-c2" id="about" class="h-section h-section-global-spacing d-flex align-items-lg-center align-items-md-center align-items-center style-3190 style-local-7525-c2 position-relative">
    <!---->
    <!---->
    <div class="h-section-grid-container h-section-boxed-container">
      <!---->
      <div data-colibri-id="7525-c3" class="h-row-container gutters-row-lg-2 gutters-row-md-2 gutters-row-2 gutters-row-v-lg-2 gutters-row-v-md-2 gutters-row-v-2 style-3191 style-local-7525-c3 position-relative">
        <!---->
        <div class="h-row justify-content-lg-center justify-content-md-center justify-content-center align-items-lg-stretch align-items-md-stretch align-items-stretch gutters-col-lg-2 gutters-col-md-2 gutters-col-2 gutters-col-v-lg-2 gutters-col-v-md-2 gutters-col-v-2">
          <!---->
          <div class="h-column h-column-container d-flex h-col-lg-auto h-col-md-auto h-col-auto style-3192-outer style-local-7525-c4-outer">
            <div data-colibri-id="7525-c4" class="d-flex h-flex-basis h-column__inner h-px-lg-2 h-px-md-2 h-px-2 v-inner-lg-2 v-inner-md-2 v-inner-2 style-3192 style-local-7525-c4 position-relative">
              <!---->
              <!---->
              <div class="w-100 h-y-container h-column__content h-column__v-align flex-basis-100 align-self-lg-center align-self-md-center align-self-center">
                <!---->
                <div data-colibri-id="7525-c5" class="h-global-transition-all h-heading style-3193 style-local-7525-c5 position-relative h-element">
                  <!---->
                  <div class="h-heading__outer style-3193 style-local-7525-c5">
                    <!---->
                    <!---->
                    <a href="https://app.lapentor.com/sphere/parroquia-maria-auxiliadora-salesianos-linares" target="_blank" h-use-smooth-scroll="true" rel="noopener">
                      <h5 class="">Parroquia san José, constitución</h5>
                    </a>
                  </div>
                </div>
                <div data-colibri-id="7525-c6" class="h-global-transition-all h-heading style-3194 style-local-7525-c6 position-relative h-element">
                  <!---->
                  <div class="h-heading__outer style-3194 style-local-7525-c6">
                    <!---->
                    <!---->
                    <h2 class="">Cada ícono lleva a la&nbsp;<em style="color: rgb(247, 144, 7); font-family: &quot;Playfair Display&quot;;">historia</em> y los&nbsp;&nbsp;<em style="color: rgb(247, 144, 7); font-family: &quot;Playfair Display&quot;;">detalles</em>                      de la imágen o espacio seleccionado</h2>
                  </div>
                </div>
                <div data-colibri-id="7525-c7" class="h-text h-text-component style-3195 style-local-7525-c7 position-relative h-element">
                  <!---->
                  <!---->
                  <div class="">
                    <p>La Parroquia San José de Constitución fue fundada el 07 de febrero de 1833</p>
                    <p>
                      <br>
                    </p>
                  </div>
                </div>
                <div data-colibri-id="7525-c8" class="style-3208 style-local-7525-c8 position-relative h-element">
                  <!---->
                  <div class=""><iframe style="border-radius:12px" src="https://open.spotify.com/embed/episode/3kzEOULZ0xKPEwP7imFJeD?utm_source=generator" width="100%" height="352" frameBorder="0" allowfullscreen="" allow="autoplay; clipboard-write; encrypted-media; fullscreen; picture-in-picture" loading="lazy"></iframe></div>
                </div>
                <div data-colibri-id="7525-c9" class="style-3208 style-local-7525-c9 position-relative h-element">
                  <!---->
                  <div class=""><iframe style="border-radius:12px" src="https://open.spotify.com/embed/episode/2WUSYkG39XUqKk2zV1DcAW?utm_source=generator" width="100%" height="352" frameBorder="0" allowfullscreen="" allow="autoplay; clipboard-write; encrypted-media; fullscreen; picture-in-picture" loading="lazy"></iframe></div>
                </div>
                <div data-colibri-id="7525-c10" class="h-text h-text-component style-3209 style-local-7525-c10 position-relative h-element">
                  <!---->
                  <!---->
                  <div class="">
                    <p>Un trágico incendio el año 2023 ha dejado su sagrado recinto en necesidad de restauración.&nbsp;</p>
                  </div>
                </div>
                <div data-colibri-id="7525-c11" class="h-x-container style-3206 style-local-7525-c11 position-relative h-element">
                  <!---->
                  <div class="h-x-container-inner style-dynamic-7525-c11-group style-3206-spacing style-local-7525-c11-spacing"><span class="h-button__outer style-3207-outer style-local-7525-c12-outer d-inline-flex h-element"><a h-use-smooth-scroll="true" href="https://obispadodelinares.cl/ol/?page_id=17871" target="_blank" data-colibri-id="7525-c12" class="d-flex w-100 align-items-center h-button justify-content-lg-center justify-content-md-center justify-content-center style-3207 style-local-7525-c12 position-relative" rel="noopener"><!----><!----> <span>Dona aquí</span></a>
                    </span>
                  </div>
                </div>
                <div data-colibri-id="7525-c13" class="h-x-container style-3196 style-local-7525-c13 position-relative h-element">
                  <!---->
                  <div class="h-x-container-inner style-dynamic-7525-c13-group style-3196-spacing style-local-7525-c13-spacing"><span class="h-button__outer style-3197-outer style-local-7525-c14-outer d-inline-flex h-element"><a h-use-smooth-scroll="true" href="https://app.lapentor.com/sphere/san-jose-constitucion" target="_blank" data-colibri-id="7525-c14" class="d-flex w-100 align-items-center h-button justify-content-lg-center justify-content-md-center justify-content-center style-3197 style-local-7525-c14 position-relative" rel="noopener"><!----><!----> <span>Iniciar Recorrido Virtual pantalla completa</span></a>
                    </span>
                  </div>
                </div>
              </div>
            </div>
          </div>
          <div class="h-column h-column-container d-flex h-col-lg-auto h-col-md-auto h-col-auto style-3198-outer style-local-7525-c15-outer">
            <div data-colibri-id="7525-c15" class="d-flex h-flex-basis h-column__inner h-px-lg-2 h-px-md-2 h-px-2 v-inner-lg-2 v-inner-md-2 v-inner-2 style-3198 style-local-7525-c15 position-relative">
              <!---->
              <!---->
              <div class="w-100 h-y-container h-column__content h-column__v-align flex-basis-100 align-self-lg-center align-self-md-center align-self-center">
                <!---->
                <div data-colibri-id="7525-c16" class="style-3199 style-local-7525-c16 position-relative h-element">
                  <!---->
                  <div class=""><iframe loading="lazy" src="https://app.lapentor.com/sphere/san-jose-constitucion" frameborder="0" width="100%" height="400px" scrolling="no" allow="vr,gyroscope,accelerometer" allowfullscreen="true" webkitallowfullscreen="true" mozallowfullscreen="true" oallowfullscreen="true" msallowfullscreen="true"></iframe></div>
                </div>
              </div>
            </div>
          </div>
        </div>
      </div>
    </div>
  </div>
  <div data-colibri-component="section" data-colibri-id="7525-c17" id="custom" class="h-section h-section-global-spacing d-flex align-items-lg-center align-items-md-center align-items-center style-3200 style-local-7525-c17 position-relative">
    <!---->
    <!---->
    <div class="h-section-grid-container h-section-boxed-container">
      <!---->
      <div data-colibri-id="7525-c20" class="h-row-container gutters-row-lg-2 gutters-row-md-2 gutters-row-0 gutters-row-v-lg-2 gutters-row-v-md-2 gutters-row-v-2 style-3251 style-local-7525-c20 position-relative">
        <!---->
        <div class="h-row justify-content-lg-center justify-content-md-center justify-content-center align-items-lg-stretch align-items-md-stretch align-items-stretch gutters-col-lg-2 gutters-col-md-2 gutters-col-0 gutters-col-v-lg-2 gutters-col-v-md-2 gutters-col-v-2">
          <!---->
          <div class="h-column h-column-container d-flex h-col-lg-auto h-col-md-auto h-col-auto style-3252-outer style-local-7525-c21-outer">
            <div data-colibri-id="7525-c21" class="d-flex h-flex-basis h-column__inner h-px-lg-2 h-px-md-2 h-px-2 v-inner-lg-2 v-inner-md-2 v-inner-2 style-3252 style-local-7525-c21 position-relative">
              <!---->
              <!---->
              <div class="w-100 h-y-container h-column__content h-column__v-align flex-basis-100 align-self-lg-start align-self-md-start align-self-start">
                <!---->
                <div data-colibri-id="7525-c22" class="h-text h-text-component style-3253 style-local-7525-c22 position-relative h-element">
                  <!---->
                  <!---->
                  <div class="">
                    <p>La parroquia San José, ubicada frente a la Plaza de Constitución, en la región del Maule. Fue erigida en el siglo XIX, comenzando su construcción en 1803, siendo fundada el 07 de febrero de 1833, su estructura es de albañilería de
                      ladrillos, adobe, madera, fundaciones de piedra y en estilo neoclásico, tiene una planta de tres naves, siendo la nave central más alta que las laterales, destacando enormes columnas toscanas de madera. En 1835, el terremoto y maremoto,
                      destruyó la ciudad y el templo, siendo reconstruido, bendecido y entregado a la comunidad en 1867. En 1916 pasa a depender de la Gobernación Eclesiástica de Chillán. Y en 1925, es incorporada a la naciente Diócesis de San Ambrosio
                      de Linares. En febrero de 2010, nuevamente la ciudad y el templo sufrieron graves daños con el terremoto y tsunami, del 27/F. Pero pronto la iglesia fue nuevamente restaurada, conservando su diseño original, acogiendo a la comunidad
                      en sus diversas celebraciones, conservando su estatus de lugar de oración, reflexión y cultura para los habitantes de la ciudad costera de Constitución. Su actual párroco es el Padre Gonzalo Aravena Valenzuela, sacerdote diocesano.</p>
                  </div>
                </div>
              </div>
            </div>
          </div>
        </div>
      </div>
      <div data-colibri-id="7525-c18" class="h-row-container gutters-row-lg-2 gutters-row-md-2 gutters-row-0 gutters-row-v-lg-2 gutters-row-v-md-2 gutters-row-v-2 style-3204 style-local-7525-c18 position-relative">
        <!---->
        <div class="h-row justify-content-lg-center justify-content-md-center justify-content-center align-items-lg-stretch align-items-md-stretch align-items-stretch gutters-col-lg-2 gutters-col-md-2 gutters-col-0 gutters-col-v-lg-2 gutters-col-v-md-2 gutters-col-v-2">
          <!---->
          <div class="h-column h-column-container d-flex h-col-lg-auto h-col-md-auto h-col-auto style-3205-outer style-local-7525-c19-outer">
            <div data-colibri-id="7525-c19" class="d-flex h-flex-basis h-column__inner h-ui-empty-state-container h-px-lg-2 h-px-md-2 h-px-2 v-inner-lg-2 v-inner-md-2 v-inner-2 style-3205 style-local-7525-c19 position-relative">
              <!---->
              <!---->
              <div class="w-100 h-y-container h-column__content h-column__v-align flex-basis-100">
                <!---->
              </div>
            </div>
          </div>
        </div>
      </div>
    </div>
  </div>
</div>

<p>Parroquia san José, constitución Cada ícono lleva a la&nbsp;historia y los&nbsp;&nbsp;detalles de la imágen o espacio seleccionado La Parroquia San José de Constitución fue fundada el 07 de febrero de 1833 Un trágico incendio el año 2023 ha dejado su sagrado recinto en necesidad de restauración.&nbsp; Dona aquí Iniciar Recorrido Virtual pantalla completa La parroquia [&hellip;]</p>
